inder when 132/z*(-13)/(39/10) is divided by 13.
5
Let r be -6*5/15 + 35. Suppose 65*x - r*x - 576 = 0. Calculate the remainder when 426 is divided by x.
12
Let v(q) = 47*q**2 - 5*q + 10. Calculate the remainder when 3593 is divided by v(-1).
59
Let i(h) = -3*h**3 - 27*h**2 + 4*h + 34. Let l be i(-12). Let s = l + -1258. Suppose 0*f + f = 94. What is the remainder when f is divided by s?
22
Let m = 3 - -25. What is the remainder when 56 is divided by (20/14)/(4/m)?
6
Suppose 4*c - 5*k - 1549 = 0, 2*k - 776 = -2*c + 4*k. Calculate the remainder when c is divided by 178.
35
Let x(i) = -2*i**2 + 180 + 18*i + 46*i - 73*i + 43*i + 4*i**2. Calculate the remainder when x(-7) is divided by 9.
4
Let i(m) = 15*m**2 + 76*m - 69. What is the remainder when i(15) is divided by 50?
46
Calculate the remainder when 5293 is divided by (4 - (-28)/(-6))/(24/(-792)).
13
Let l(f) = -f**2 - 635*f + 3209. What is the remainder when (0 - -1)/(1/21) is divided by l(5)?
3
Let j = -930 + 969. What is the remainder when 39 is divided by j?
0
Let m(y) = 10*y + 7. Let q be -875 + ((-120)/(-72))/(2/(-6)). Let f = q - -890. Calculate the remainder when m(5) is divided by f.
7
Suppose 8*t = 5*z + 7*t - 792, z = -4*t + 150. Suppose b = -b + 2*u + z, 4*u - 59 = -b. Suppose -5*d = -106 - 24. What is the remainder when b is divided by d?
23
Let v(x) = -x**3 - 6*x**2 + 19*x + 13. Let z be v(-9). Let d = 100 - z. What is the remainder when 132 is divided by d?
12
Suppose -5*a = 4*n - 22 - 8, -3*a - n = -11. Let y = 340 + -336. Calculate the remainder when 0/(-1 - (-4 + y)) + 10 is divided by a.
0
Let p = -408 + 417. Let z be 69 - 5/(4 - 9). Let l = -35 + z. What is the remainder when l is divided by p?
8
What is the remainder when 2053 is divided by (-261)/(-203) + -1 - (-411)/7?
47
Calculate the remainder when 2941/346*(-316)/(-17) is divided by 68.
22
Let y be ((-15)/(-20))/((-6)/(-80)). Suppose -y*d = -6*d - 136. Calculate the remainder when d is divided by 6.
4
Suppose -441 = -14*n + 147. Let q = -81 - -139. Let b = q - n. What is the remainder when b is divided by 7?
2
Suppose 2 = -d + 4*w, 4*d - 2*w - 31 - 31 = 0. Let v = -100 + 191. Suppose -2*s + v = -5*q, 4*q = 4*s + s - 185. What is the remainder when s is divided by d?
15
Let a = 171 - -148. Let n = 334 - a. What is the remainder when 250 is divided by n?
10
Let u(z) = z**3 + 30*z**2 + 56*z + 998. What is the remainder when 529 is divided by u(-29)?
99
Suppose -27 = -3*g + 3*i, 0 = -0*g - g + 5*i - 7. Let r(k) = k**2 + 35*k - 727. What is the remainder when r(-51) is divided by g?
11
Let n(d) = 238*d**2 - 1427*d + 16. Calculate the remainder when 1449 is divided by n(6).
19
Suppose 8*y + 9324 - 10705 = 14403. What is the remainder when y is divided by 20?
13
Suppose -5*i + 10*i + 4*r - 95 = 0, 3*i = -4*r + 65. What is the remainder when 1274 is divided by i?
14
Let m(h) = -142*h + 2108. Calculate the remainder when 367 is divided by m(14).
7
Suppose 4*o = -l - 3*l, -l + 3 = 2*o. Suppose 5*d + o*z = 111, -68 = 5*d - z - 191. What is the remainder when 165 is divided by d?
21
Let x be 1*(-3)/(5 + -8). What is the remainder when 41 is divided by -1 + 23 - ((8 - x) + -6)?
20
Let b(t) = -t**3 - 38*t**2 - 304*t - 121. Calculate the remainder when b(-29) is divided by 372.
10
Suppose 99 = 2*y - 5*j + 20, 4*y - 2*j - 166 = 0. Let z = y - -3. Calculate the remainder when 263 is divided by z.
38
Let l(v) = v**2 - 6*v - 7. Let q be 3/(-1 - 10/(-7)). Let w be l(q). Calculate the remainder when 36 is divided by 4*5 - (-1 - (w - 2)).
17
Calculate the remainder when 9476 is divided by (12 + -3)*(33 - 32) - -108.
116
Let d = 8216 + 1462. Calculate the remainder when d is divided by 10.
8
Suppose c + 2*c = c. Let k(r) = r**2 + r + 25. Let f be k(c). What is the remainder when 27 is divided by 20 - 1 - (f + -23)?
10
Let v(x) = 5227 - 3*x**3 + 4*x**3 + 12*x + 8*x**2 - 5197. What is the remainder when 177/2 - 2/4 is divided by v(-6)?
28
Let o(f) = 0*f**2 + 0*f**2 - 8 - 4*f**2 + 12*f**3 - 10*f**3 + 6*f. Let c be o(2). Calculate the remainder when 139 is divided by (c/(-1 - -5))/((-3)/(-144)).
43
Let k = -5 - -7. Suppose x = k*x - 1. What is the remainder when (-1485)/(-65) + ((-15)/(-13) - x) is divided by 14?
9
Let x be -118 + (1 + -2 - 3). Let v = -86 - x. What is the remainder when v - ((-19)/7 + 4/(-14)) is divided by 20?
19
Let t be 20/8*(84/15)/(-7). Calculate the remainder when (-14)/7 - 23/t*2 is divided by 8.
5
Let j(h) = -h**3 + h**2 + h + 42. Suppose -5*w = -7*a + 2303, w - 93 = 5*a - 1756. Calculate the remainder when a is divided by j(0).
40
Let w(u) = -u**3 - 6*u**2 - 2*u - 15. Let k be w(-7). Suppose -k*l = -549 - 939. What is the remainder when 39 is divided by l?
8
Let p be 7611/(16/(-3) + 0 + 5). Calculate the remainder when p/(-215) + (28/10 - 2) is divided by 18.
17
Let k be (16/2)/2 + 109. Let m = 22 + -15. Suppose -76 - k = -m*l. Calculate the remainder when 77 is divided by l.
23
Suppose 5*g + 32 = 322. Suppose 58 = 4*k - g. Let p = -522 - -528. Calculate the remainder when k is divided by p.
5
Suppose -255*d + 196*d = -6195. What is the remainder when 475 is divided by d?
55
Calculate the remainder when ((-14)/49*-7 - -6)*1 is divided by 1.
0
Let o(z) be the second derivative of z**4/4 + 11*z**3/3 + z**2 + 17*z. Let d be o(-7). What is the remainder when 11 is divided by (2 + d/2)*-14?
4
Let u = 32 + -13. Let a be 3 + (9/12)/(2/(-8)). Suppose a*n - 3*n + 168 = 3*q, 3*n + 2*q - 167 = 0. Calculate the remainder when n is divided by u.
17
Let u = -20 + 34. Suppose 138*k = -2354 + 32714. Calculate the remainder when k is divided by u.
10
Suppose -27640*b + 27649*b - 1836 = 0. What is the remainder when b is divided by 56?
36
Suppose -2*j - 5*f + 1 = -28, -2*f = j - 13. Let o = 4 - 17. Let a = 11 - o. What is the remainder when a is divided by j?
3
Suppose 0 = o - 5*o + 64. What is the remainder when o is divided by -4 + 11 + 1 + 4*(0 + -1)?
0
Let d(u) = -6*u**3 - u. Let r be d(1). Let k(f) = -3*f + 24. Suppose 5*p = -3*b + 66, -4*b + 2*p + 45 = -b. What is the remainder when k(r) is divided by b?
11
Let j be -4 + -1 + 0 - -10. Suppose c = -b + j, -4 = b - 9. Suppose c = 4*r + i - 244 - 131, -3*i = -4*r + 395. Calculate the remainder when r is divided by 12.
11
Let w = 285874 - 285856. What is the remainder when (-2)/((-16)/114)*4 is divided by w?
3
Let t(q) = -15*q + 68*q**2 + 16*q - 65*q**2. What is the remainder when 21 is divided by t(1)?
1
Let p(w) = 10*w**2 + 8. Calculate the remainder when p(-5) is divided by (-9 + 48)*(2 + (-40)/24).
11
Suppose -10*u + 324 = -6*u. Suppose -2*o = -8*x + 7*x - u, 3*x = -4*o + 187. What is the remainder when o is divided by 9?
7
Let o be ((-10)/15)/((-8)/396). Suppose -1383*q = -1382*q - o. Calculate the remainder when 158 is divided by q.
26
Suppose -1930 = -16*g + 2 + 5060. Calculate the remainder when g is divided by 67.
35
Let a be ((-4)/(-3))/(13/78). Let v(q) = -13*q**2 - 17 - 6*q**2 + 20*q**2. Calculate the remainder when v(a) is divided by 12.
11
What is the remainder when 109 is divided by (-9)/(4 - 166) + 1258/36?
4
Let q = 13 - 13. Suppose q = -3*d + 4*l - l + 267, -5*l = 4*d - 347. Let t = -9 + 24. What is the remainder when d is divided by t?
13
Let b = -5585 + 5616. What is the remainder when 192 is divided by b?
6
Suppose 12*q - 13*q = -319. Suppose -6*k + 83 = -q. Calculate the remainder when 267 is divided by k.
66
Let b(x) = x**2 + 18*x + 88. Let q(f) = -f**3 - 43*f**2 + 45*f + 30. Let k be q(-44). Calculate the remainder when 285 is divided by b(k).
29
Let u be 2/(-3) - (-105)/(-45). Suppose y - 28 + 3 = 0. Let r = u + y. Calculate the remainder when r is divided by 12.
10
Suppose -1264 = -23*a - 907 + 1690. What is the remainder when 174 is divided by a?
85
Let o be (-9)/(-21)*(-455)/(-5). Suppose -b - w + 15 = 0, 0 = -4*b + w + 21 + o. Calculate the remainder when 89 is divided by b.
14
Let j be 10/35 - 13842/(-63). Suppose -j = -9*c + 329. Let i = -15 + 28. Calculate the remainder when c is divided by i.
9
Let l = -17455 - -17540. What is the remainder when 2462 is divided by l?
82
Let w = -15 + 4. Let a(c) = c**2 + 28*c - 94*c + 23*c + 26*c + 25*c - 19. What is the remainder when 80 is divided by a(w)?
10
Let d be (3718/(-33))/((12/(-9))/(-4)). Let q = 363 